[INFO] cloning repository https://github.com/guewen/ramaze
[INFO] running `Command { std: "git" "-c" "credential.helper=" "-c" "credential.helper=/workspace/cargo-home/bin/git-credential-null" "clone" "--bare" "https://github.com/guewen/ramaze" "/workspace/cache/git-repos/https%3A%2F%2Fgithub.com%2Fguewen%2Framaze", kill_on_drop: false }`
[INFO] [stderr] Cloning into bare repository '/workspace/cache/git-repos/https%3A%2F%2Fgithub.com%2Fguewen%2Framaze'...
[INFO] running `Command { std: "git" "rev-parse" "HEAD", kill_on_drop: false }`
[INFO] [stdout] 5bde863cbfc8cf2e4c4be2e589164a31b764d48d
[INFO] checking guewen/ramaze against try#72f88fc4e9458f89516a0b8b0868f3718aec5b47 for pr-74989
[INFO] running `Command { std: "git" "clone" "/workspace/cache/git-repos/https%3A%2F%2Fgithub.com%2Fguewen%2Framaze" "/workspace/builds/worker-2/source", kill_on_drop: false }`
[INFO] [stderr] Cloning into '/workspace/builds/worker-2/source'...
[INFO] [stderr] done.
[INFO] validating manifest of git repo https://github.com/guewen/ramaze on toolchain 72f88fc4e9458f89516a0b8b0868f3718aec5b47
[INFO] running `Command { std: "/workspace/cargo-home/bin/cargo" "+72f88fc4e9458f89516a0b8b0868f3718aec5b47" "read-manifest" "--manifest-path" "Cargo.toml", kill_on_drop: false }`
[INFO] started tweaking git repo https://github.com/guewen/ramaze
[INFO] finished tweaking git repo https://github.com/guewen/ramaze
[INFO] tweaked toml for git repo https://github.com/guewen/ramaze written to /workspace/builds/worker-2/source/Cargo.toml
[INFO] crate git repo https://github.com/guewen/ramaze already has a lockfile, it will not be regenerated
[INFO] running `Command { std: "/workspace/cargo-home/bin/cargo" "+72f88fc4e9458f89516a0b8b0868f3718aec5b47" "fetch" "--locked" "--manifest-path" "Cargo.toml", kill_on_drop: false }`
[INFO] [stderr] warning: path `/workspace/builds/worker-2/source/src/ramaze.rs` was erroneously implicitly accepted for binary `ramaze`,
[INFO] [stderr] please set bin.path in Cargo.toml
[INFO] running `Command { std: "docker" "create" "-v" "/var/lib/crater-agent-workspace/builds/worker-2/target:/opt/rustwide/target:rw,Z" "-v" "/var/lib/crater-agent-workspace/builds/worker-2/source:/opt/rustwide/workdir:ro,Z" "-v" "/var/lib/crater-agent-workspace/cargo-home:/opt/rustwide/cargo-home:ro,Z" "-v" "/var/lib/crater-agent-workspace/rustup-home:/opt/rustwide/rustup-home:ro,Z" "-e" "SOURCE_DIR=/opt/rustwide/workdir" "-e" "CARGO_TARGET_DIR=/opt/rustwide/target" "-e" "CARGO_HOME=/opt/rustwide/cargo-home" "-e" "RUSTUP_HOME=/opt/rustwide/rustup-home" "-w" "/opt/rustwide/workdir" "-m" "1610612736" "--user" "0:0" "--network" "none" "rustops/crates-build-env@sha256:d92eaeed33fa75130ca1ee6c8a01d1ffb62bac859dfdfb3450e3e5d1c0146529" "/opt/rustwide/cargo-home/bin/cargo" "+72f88fc4e9458f89516a0b8b0868f3718aec5b47" "metadata" "--no-deps" "--format-version=1", kill_on_drop: false }`
[INFO] [stdout] 29822ae135c033f69ade94806529701be86739e4be1cf9ed8d96ea3c83d9b5ab
[INFO] [stderr] WARNING: Your kernel does not support swap limit capabilities or the cgroup is not mounted. Memory limited without swap.
[INFO] running `Command { std: "docker" "start" "-a" "29822ae135c033f69ade94806529701be86739e4be1cf9ed8d96ea3c83d9b5ab", kill_on_drop: false }`
[INFO] running `Command { std: "docker" "inspect" "29822ae135c033f69ade94806529701be86739e4be1cf9ed8d96ea3c83d9b5ab", kill_on_drop: false }`
[INFO] running `Command { std: "docker" "rm" "-f" "29822ae135c033f69ade94806529701be86739e4be1cf9ed8d96ea3c83d9b5ab", kill_on_drop: false }`
[INFO] [stdout] 29822ae135c033f69ade94806529701be86739e4be1cf9ed8d96ea3c83d9b5ab
[INFO] running `Command { std: "docker" "create" "-v" "/var/lib/crater-agent-workspace/builds/worker-2/target:/opt/rustwide/target:rw,Z" "-v" "/var/lib/crater-agent-workspace/builds/worker-2/source:/opt/rustwide/workdir:ro,Z" "-v" "/var/lib/crater-agent-workspace/cargo-home:/opt/rustwide/cargo-home:ro,Z" "-v" "/var/lib/crater-agent-workspace/rustup-home:/opt/rustwide/rustup-home:ro,Z" "-e" "SOURCE_DIR=/opt/rustwide/workdir" "-e" "CARGO_TARGET_DIR=/opt/rustwide/target" "-e" "CARGO_INCREMENTAL=0" "-e" "RUST_BACKTRACE=full" "-e" "RUSTFLAGS=--cap-lints=forbid" "-e" "CARGO_HOME=/opt/rustwide/cargo-home" "-e" "RUSTUP_HOME=/opt/rustwide/rustup-home" "-w" "/opt/rustwide/workdir" "-m" "1610612736" "--user" "0:0" "--network" "none" "rustops/crates-build-env@sha256:d92eaeed33fa75130ca1ee6c8a01d1ffb62bac859dfdfb3450e3e5d1c0146529" "/opt/rustwide/cargo-home/bin/cargo" "+72f88fc4e9458f89516a0b8b0868f3718aec5b47" "check" "--frozen" "--all" "--all-targets" "--message-format=json", kill_on_drop: false }`
[INFO] [stderr] WARNING: Your kernel does not support swap limit capabilities or the cgroup is not mounted. Memory limited without swap.
[INFO] [stdout] ea9dcf9c06e5bea96f15edee87ebd5b38509cc1b4c9d84b8a5e5e0338f91b88c
[INFO] running `Command { std: "docker" "start" "-a" "ea9dcf9c06e5bea96f15edee87ebd5b38509cc1b4c9d84b8a5e5e0338f91b88c", kill_on_drop: false }`
[INFO] [stderr] warning: path `/opt/rustwide/workdir/src/ramaze.rs` was erroneously implicitly accepted for binary `ramaze`,
[INFO] [stderr] please set bin.path in Cargo.toml
[INFO] [stderr]     Checking ramaze v0.0.1 (/opt/rustwide/workdir)
[INFO] [stdout] error[E0658]: use of unstable library feature 'test'
[INFO] [stdout]  --> src/ramaze.rs:4:1
[INFO] [stdout]   |
[INFO] [stdout] 4 | extern crate test;
[INFO] [stdout]   | ^^^^^^^^^^^^^^^^^^
[INFO] [stdout]   |
[INFO] [stdout]   = note: see issue #50297 <https://github.com/rust-lang/rust/issues/50297> for more information
[INFO] [stdout]   = help: add `#![feature(test)]` to the crate attributes to enable
[INFO] [stdout] 
[INFO] [stdout] 
[INFO] [stdout] error: use of unstable library feature 'test': `bench` is a part of custom test frameworks which are unstable
[INFO] [stdout]    --> src/ramaze.rs:145:7
[INFO] [stdout]     |
[INFO] [stdout] 145 |     #[bench]
[INFO] [stdout]     |       ^^^^^
[INFO] [stdout]     |
[INFO] [stdout]     = note: `#[deny(soft_unstable)]` on by default
[INFO] [stdout]     = warning: this was previously accepted by the compiler but is being phased out; it will become a hard error in a future release!
[INFO] [stdout]     = note: for more information, see issue #64266 <https://github.com/rust-lang/rust/issues/64266>
[INFO] [stdout] 
[INFO] [stdout] 
[INFO] [stdout] error[E0658]: use of unstable library feature 'test'
[INFO] [stdout]  --> src/ramaze.rs:4:1
[INFO] [stdout]   |
[INFO] [stdout] 4 | extern crate test;
[INFO] [stdout]   | ^^^^^^^^^^^^^^^^^^
[INFO] [stdout]   |
[INFO] [stdout]   = note: see issue #50297 <https://github.com/rust-lang/rust/issues/50297> for more information
[INFO] [stdout]   = help: add `#![feature(test)]` to the crate attributes to enable
[INFO] [stdout] 
[INFO] [stdout] 
[INFO] [stdout] error[E0658]: use of unstable library feature 'test'
[INFO] [stdout]    --> src/ramaze.rs:137:9
[INFO] [stdout]     |
[INFO] [stdout] 137 |     use test::Bencher;
[INFO] [stdout]     |         ^^^^^^^^^^^^^
[INFO] [stdout]     |
[INFO] [stdout]     = note: see issue #50297 <https://github.com/rust-lang/rust/issues/50297> for more information
[INFO] [stdout]     = help: add `#![feature(test)]` to the crate attributes to enable
[INFO] [stdout] 
[INFO] [stdout] 
[INFO] [stdout] error[E0658]: use of unstable library feature 'test'
[INFO] [stdout]    --> src/ramaze.rs:146:37
[INFO] [stdout]     |
[INFO] [stdout] 146 |     fn bench_build_dfs_maze(b: &mut Bencher) {
[INFO] [stdout]     |                                     ^^^^^^^
[INFO] [stdout]     |
[INFO] [stdout]     = note: see issue #50297 <https://github.com/rust-lang/rust/issues/50297> for more information
[INFO] [stdout]     = help: add `#![feature(test)]` to the crate attributes to enable
[INFO] [stdout] 
[INFO] [stdout] 
[INFO] [stdout] error: aborting due to previous error
[INFO] [stdout] 
[INFO] [stdout] 
[INFO] [stdout] For more information about this error, try `rustc --explain E0658`.
[INFO] [stdout] 
[INFO] [stderr] error: could not compile `ramaze`.
[INFO] [stderr] 
[INFO] [stderr] To learn more, run the command again with --verbose.
[INFO] [stderr] warning: build failed, waiting for other jobs to finish...
[INFO] [stdout] error[E0658]: use of unstable library feature 'test'
[INFO] [stdout]    --> src/ramaze.rs:147:11
[INFO] [stdout]     |
[INFO] [stdout] 147 |         b.iter(|| MazeDFSBuilder.build(1000, 1000));
[INFO] [stdout]     |           ^^^^
[INFO] [stdout]     |
[INFO] [stdout]     = note: see issue #50297 <https://github.com/rust-lang/rust/issues/50297> for more information
[INFO] [stdout]     = help: add `#![feature(test)]` to the crate attributes to enable
[INFO] [stdout] 
[INFO] [stdout] 
[INFO] [stdout] error: aborting due to 5 previous errors
[INFO] [stdout] 
[INFO] [stdout] 
[INFO] [stdout] For more information about this error, try `rustc --explain E0658`.
[INFO] [stdout] 
[INFO] [stderr] error: build failed
[INFO] running `Command { std: "docker" "inspect" "ea9dcf9c06e5bea96f15edee87ebd5b38509cc1b4c9d84b8a5e5e0338f91b88c", kill_on_drop: false }`
[INFO] running `Command { std: "docker" "rm" "-f" "ea9dcf9c06e5bea96f15edee87ebd5b38509cc1b4c9d84b8a5e5e0338f91b88c", kill_on_drop: false }`
[INFO] [stdout] ea9dcf9c06e5bea96f15edee87ebd5b38509cc1b4c9d84b8a5e5e0338f91b88c
